t g = -85 - -76. Is c(g) a prime number?
False
Let c be ((-5)/(-10))/((-3)/(-12)). Suppose -c*j - 2*j = 1536. Let i = j - -653. Is i a composite number?
False
Let f(b) = 3*b**2 + 2. Let k be f(-2). Let j(s) = s - 10 + 53 + 2*s - 26. Is j(k) composite?
False
Let y = -946 - -554. Let z = 14493 + -13914. Let n = y + z. Is n prime?
False
Let u(x) = -603*x - 328. Is u(-19) composite?
True
Let k = 87 - 86. Let u(b) = 535*b**2 + 4*b - 4. Is u(k) composite?
True
Is 1 + 13/(-15) - 920264/(-120) composite?
False
Let i be ((-96)/(-12))/(((-3)/(-2))/3). Let q be 318 - (i/12)/((-6)/9). Let j = q - 71. Is j a composite number?
True
Let k = 77 + -80. Let j be 3093*(-2)/k*1. Suppose -j = 9*g - 9883. Is g prime?
False
Let v(y) = -1541*y + 2. Suppose 10*r - 14*r + 48 = 0. Suppose 10*h - 2 = r*h. Is v(h) prime?
True
Suppose -63*h - 766320 = -3*d - 60*h, -2*h + 766325 = 3*d. Is d a composite number?
True
Suppose 5*t = 5*y - 1716305, -120*y + 116*y + 1373044 = 2*t. Is y composite?
False
Suppose 34*m + 529013 = 4475401 + 1308278. Is m composite?
True
Suppose 53*b - 64*b + 22 = 0. Suppose 38846 = 3*i - 2*w, -4*i + 25966 + 25810 = b*w. Is i composite?
True
Let t(k) = -14*k**3 + k**2 + 8*k + 8. Suppose 0 = 11*r - 13*r + 4*v - 30, -5*r - 2*v = 39. Is t(r) a composite number?
False
Let l be 12/(-18) - (-2297)/3. Suppose 3*m + l = -6*x + x, -1253 = 5*m + x. Let w = m + 639. Is w composite?
False
Let m = 390 + 1624. Let f = 1585 + m. Is f a composite number?
True
Suppose -9*u + 6*u - 66 = 0. Let t be ((-2)/(-5))/(u/(-10) - 2). Suppose t*j - 6*j - 3*w + 4570 = 0, 5*j = -3*w + 5711. Is j a composite number?
True
Let s(l) = 10*l**2 + 21*l + 13. Let y be s(-10). Suppose -y = -o + 5*n - 0*n, 0 = 4*n. Is o composite?
True
Let z = 13379 - -204697. Is z/60 + (-6)/(-15) composite?
True
Let z = 41 - 22. Let d(i) = 13*i + z + 15*i**2 + 26 - 4. Is d(-13) a prime number?
False
Suppose 10*x - 297789 = -7*x. Is x a prime number?
False
Let y be -2 + (-33)/(-18) + 55/6. Suppose -y*i - 3 = -3. Is (i + 6)/(((-180)/(-4570))/9) a prime number?
False
Let q = -6529 - -71250. Is q a prime number?
False
Let k(n) = -35*n**2 - 5*n - 22. Let y be k(-6). Let p = y - -3435. Is p prime?
False
Let d be 3 - 3 - (-2 - 0). Suppose -4*p = -6*p + 3*y + 578, 4*p - 1140 = -d*y. Suppose -5*k - 21 = -p. Is k a prime number?
True
Let g(z) = 193*z - 8. Suppose -4*t + 36 - 9 = -5*j, -2*j + 9 = 5*t. Let v be g(j). Is v*(26/(-22) - (-6)/33) a prime number?
True
Let c be -2*281439/6*7/(-21). Suppose -5*t - 11376 + c = 0. Is t prime?
False
Let a = 896 - 897. Let c(g) = 1637*g**2 - g - 1. Is c(a) composite?
False
Let a(o) = -39343*o - 2998. Is a(-3) a composite number?
True
Suppose -5*s = -9*s + n + 46798, s - 5*n - 11709 = 0. Is s a prime number?
True
Let p = -41991 - -178298. Is p a composite number?
True
Let m be 3 + -5 + -2 - (5 + -21). Let d be ((-44)/m - -5)/(2/15). Suppose 3*v - 962 = -d*v. Is v composite?
True
Let q(f) = 934*f + 314935. Is q(0) prime?
False
Let l = -15 + 13. Is 2*953*(-7)/l a composite number?
True
Let v be (3/(-4) - -1)*(-66 + 78). Suppose 10091 = v*j - 10036. Is j composite?
False
Is -1*6/15 - (-8604921)/265 a prime number?
False
Suppose 0 = -3*v - 832 - 4214. Let y(m) = 3*m**2 + 26*m - 3. Let i be y(-16). Let t = i - v. Is t a composite number?
True
Suppose -184*l + 161*l + 13386 = 0. Suppose u - 3*q - 928 = 2*q, u - 3*q - 932 = 0. Suppose -5*c + m + 1909 = 0, -m = 4*c - l - u. Is c prime?
False
Let y = 127885 + -83534. Is y a composite number?
False
Suppose 2*v + 14 = b, -15 = v + 5*b - 19. Is (23928/(-32))/(v/8) prime?
True
Let s = 15 + -15. Suppose 0 = -s*t + 5*t - 3120. Let d = t + -325. Is d a composite number?
True
Suppose -5 = 5*q, 5*q + 692 = 4*l - l. Let d = 326 - l. Is d prime?
True
Let l = -29 - -30. Let o(c) = -7*c - 1. Let m be o(l). Let d(g) = -g**3 - 8*g**2 - 7*g + 2. Is d(m) composite?
True
Suppose -1034561 = 4731*w - 4742*w. Is w prime?
False
Let l be -4 + 891/45 + 1/5. Let y(a) = -8*a**3 + 25*a**2 - 31*a + 24. Let z(p) = -7*p**3 + 24*p**2 - 32*p + 23. Let o(f) = 6*y(f) - 7*z(f). Is o(l) composite?
False
Suppose 5*p + c = -2, -4*p - 1 + 6 = 3*c. Is p/((-136614)/(-34154) - 4) composite?
False
Let i be -129*(-1)/(-3)*37. Let l = i - -3804. Is l a composite number?
False
Let v(l) = -l**3 + 3*l**2 + 4*l - 8. Let m be v(3). Let w(i) = 843*i - 26. Let o be w(m). Let c = -407 + o. Is c composite?
False
Is -97268*(1 + -5 - 70/(-56)) prime?
False
Suppose -67709 = -2*u - 4*y + 71541, 5*y = 3*u - 208798. Is u a prime number?
False
Let r = 62810 - 101960. Is 6/(-4) - r/12 a composite number?
True
Let g(j) = 2*j + 59323. Let b be g(0). Let u = b - 5108. Suppose 0 = 10*h - 15*h + u. Is h a prime number?
False
Let c = 187444 - 19025. Is c composite?
True
Let j(h) = 6623*h**2 - 100*h - 1115. Is j(-20) a prime number?
False
Let p = 21774 + 282029. Is p composite?
False
Suppose -3*z + 4*z - 8 = -h, -2*z + 25 = 5*h. Suppose -2*k + h*k = 1343. Suppose 3*a - 2*a = k. Is a a prime number?
False
Let a(b) = 11555*b**2 - 3*b + 1. Let f be a(-2). Suppose -4*v + n + 2*n = f, 0 = 5*v - n + 57792. Is (-3)/((-2)/3 - v/17379) a prime number?
True
Let m = -40701 - -71105. Is (-6)/(-4)*m/33 a prime number?
False
Suppose -2918*r + 300112 = -2911*r - 209950. Is r composite?
True
Is 190 - 185 - 6*-36791 prime?
False
Suppose -4*t + 5 = -3. Suppose t*v = 18*v - 26512. Is v a composite number?
False
Is (-18)/(-189)*3 - (-3072068)/28 a composite number?
False
Let b be ((-48)/(-9))/(26/(-2301)). Let d = b - -4455. Is d a prime number?
False
Suppose 0 = 2*i + 16, 15013 = v - 318*i + 323*i. Is v a composite number?
False
Is (-2665836)/(-261) - (-14)/203 composite?
True
Let n(f) = 32 - 30*f + 8*f - 35*f. Let p(q) = -113*q + 65. Let x(z) = 7*n(z) - 3*p(z). Is x(-13) composite?
False
Let j(s) = 426*s**2 - 6*s - 16. Let r be j(-2). Let l = 201 + r. Is l prime?
True
Let j(i) be the first derivative of 21*i**4 - 5*i**3 + i**2/2 + 3*i + 260. Is j(5) composite?
False
Let o(j) = 9*j**2 - 13*j + 15. Let l = 56 - -37. Suppose 98*i - l*i - 40 = 0. Is o(i) prime?
True
Suppose -5*w - 16*s = -1948833, 13*s - 14*s = w - 389771. Is w composite?
False
Is ((-376741)/(-3))/(2/(-3 + (3 - -6))) prime?
False
Let g = 1712448 + -839045. Is g composite?
False
Let p be 14253/12 + 30/(-40). Suppose 2*b = 183 + p. Is b a composite number?
True
Let u(f) = 88*f**2 - 356*f + 71. Is u(-24) prime?
False
Let o = -171 - -307. Let d = o + -141. Is (2 + -1)/(d/(-3985)) a prime number?
True
Suppose 0 = q - 2*g + 3*g - 39962, 0 = -g - 3. Suppose -5*n + q = 3*u, -5*n + 2*u - 6*u = -39965. Is n a composite number?
False
Let c be (19 - 14)/(1/(-43)). Is (c/(-15))/(1/3) prime?
True
Let g be (-1 - -2)*7/(35/45). Let o(q) = 10 - 12*q - 21*q - 2 + g. Is o(-4) prime?
True
Suppose -2*x + 24489 = i, 3*i = -3*x + 55250 - 18509. Is x a composite number?
True
Let x be 272/(-102)*(-39)/2. Is x/(-91)*(-272013)/6 a prime number?
False
Let h(c) = 3*c**3 - 4*c**2 - 3*c + 11. Let b(q) = -3*q**3 + 4*q**2 + 2*q - 13. Let z(p) = -3*b(p) - 4*h(p). Is z(-6) composite?
False
Let f be 3/(-2)*(-66)/(-99). Is ((-741)/78)/(f/1082) a prime number?
False
Let i = -173203 + 255937. Suppose 34*u = 40*u - i. Is u prime?
True
Let s be -1 - (-3)/((-6)/(-148)). Let u = 65 - s. Is 0 + (u/(-4))/((-2)/(-1837)) a composite number?
True
Let q = -1306 - -16216. Suppose 0*t + 14*t + q = 0. Let x = t + 2324. Is x a composite number?
False
Let k(g) be the third derivative of 23/6*g**3 + 0 - 85/8*g**4 - 6*g**2 + 0*g. Is k(-18) prime?
False
Is (-4)/48 + (-13736170)/(-408) composite?
True
Suppose -304 = 2*g + 2150. Let i = 2898 + g. Suppose 4*c - 1299 = -5*s, -5*s - 379 = -3*c - i. Is s prime?
False
Let c be 11/4 + 1*(-3)/(-12). Let d be (c/(-9) + 1)/(4/(-30)). Is -4 + (-18)/d + (-427)/(-5) a prime number?
False
Suppose -y - 3*c - 6 = 2*c, c = -3*y - 18. Let v be 3 - 3 - y - -1. Suppose -648 - 689 = -v*z. Is z a prime number?
True
Let i = -76802 + 150184. Is i a composite number?
True
Let g = 27 - -27. Suppose 0 = -3*p + 6*p - g. Let y = p - -2389. Is y a composite number?
True
Let n(a) = -15*a**2 - 5*a + 21. Let j(h) = 44*h**2 + 16*h - 63. Let m(l) = -2*j(l) - 7*n(l). Let w be -6 + 2 + (-1 + 20 - 5). Is m(w) a prime number?
True
Suppose 0 = 5*h + 4*q - 0*q - 52, 0 = 3*h + 4*q - 28. Let f(t) = 82*t - 